j. Is v(6) a multiple of 15?
True
Does 27 divide ((-668)/(-6) - 3) + 1/(-3)?
True
Suppose -4*z - 12 = 5*f - 0*f, -3*z = f - 2. Let p = z - 0. Suppose -4*u - 3*j = p - 20, 0 = -3*u - j + 16. Does 3 divide u?
True
Let a(u) = 7*u + 9. Let j(s) = -s**2 + s. Let z be j(3). Let n be a(z). Is (-2)/(-4)*0 - n a multiple of 14?
False
Let h(k) = -k - 2. Let o be h(-7). Suppose -o*l + 33 = -2*l. Is 11 a factor of l?
True
Let z(j) be the second derivative of j**4/12 - j**3/2 + 2*j**2 + j. Let r be z(3). Suppose -r*o - 2*m + 48 = -6*m, -o + 5*m = 4. Does 8 divide o?
True
Suppose -2*y = -7*y - n + 572, y - 103 = -4*n. Let u = 166 - 90. Let k = y - u. Does 15 divide k?
False
Let r(s) = 8*s + 2. Suppose -2*x - 1 = a - 9, -5*a - 2 = -4*x. Is 6 a factor of r(a)?
True
Let m be 2/8 - (-47)/4. Does 4 divide 2*3/(9/m)?
True
Let q = -5 + 9. Let r(v) = -v**3 + 3*v**2 + 4*v + 5. Let f be r(q). Suppose -5 = f*s - 40. Does 3 divide s?
False
Let n = 24 + -14. Suppose -2*r + n = 3*r. Suppose j - 2 = r*z + 3, 100 = 5*j + 5*z. Is j a multiple of 9?
False
Suppose 0 = 2*q + 2, 267 = -0*f + 3*f + 3*q. Is 6 a factor of f?
True
Let v be (24/(-20))/(1/5). Let d(n) = 8*n. Let m be d(6). Is m*(8/v)/(-2) a multiple of 15?
False
Let i = -38 - -62. Let v = i + 6. Is 5 a factor of v?
True
Suppose 2*b + 5 = -29. Let n = -12 - b. Suppose 4*m + 7 = -3*f + 90, -100 = -n*m - 3*f. Is m a multiple of 6?
False
Let v(w) = -w - 2. Let a(q) = -q**3 - 4*q**2 + 6*q - 6. Let c be a(-5). Let b = 4 + c. Is 3 a factor of v(b)?
False
Let x be (2 + 1*-2)*1. Suppose x = -j - 0*j + 1. Does 11 divide ((-11)/4)/(j/(-4))?
True
Let d(m) = -m + 3. Let l be d(5). Let b(s) = s - 3. Let r be b(-3). Is (3/r)/(l/28) a multiple of 7?
True
Suppose 3*n = -2*z - 7, 3*z - n + 3 + 2 = 0. Let v(b) = 2*b**2 + 4*b + 2. Let h(l) = 4*l**2 + 9*l + 4. Let d(w) = -3*h(w) + 7*v(w). Is 3 a factor of d(z)?
False
Let z(v) be the first derivative of -v**4/4 + 10*v**3/3 - 9*v**2/2 + 11*v + 2. Let l be z(9). Suppose 0 = -5*a + 74 + l. Does 14 divide a?
False
Suppose -7*l - 223 = -3*f - 2*l, -l = -2*f + 144. Is f a multiple of 9?
False
Let y be 6/(-21) + 74/14. Suppose 404 + 421 = y*g. Suppose -x - g = -4*x. Is x a multiple of 23?
False
Let x(i) = -4*i - 1. Is 5 a factor of x(-4)?
True
Let q(g) = -2*g - 4. Let c be q(-4). Let z be -23 + (-2)/c*-2. Let b = z - -38. Does 8 divide b?
True
Let t = -14 + 17. Suppose -3*j - g = 3*g - 121, -t*g = 5*j - 198. Is 13 a factor of j?
True
Let w = -27 - -16. Is (-1 - w)*(-2)/(-5) even?
True
Let b(v) be the third derivative of v**4/6 - 5*v**3/6 + 4*v**2. Is 8 a factor of b(8)?
False
Let c(x) = -6*x + 2. Is c(-1) a multiple of 4?
True
Suppose 40 + 104 = 2*b. Does 26 divide b?
False
Let d = 52 + -36. Is d a multiple of 16?
True
Let y = -2 + 6. Suppose 5*h - h = g + 125, h + y*g = 44. Is 16 a factor of h?
True
Does 18 divide (26/65)/(2/1080)?
True
Let i = -25 - -39. Is 15 a factor of i*1 - (2 - 5)?
False
Suppose -2*n + o + o + 40 = 0, -5*n = -4*o - 102. Suppose 0 = -6*v + n + 8. Is v a multiple of 2?
False
Let a(m) = 2*m**2 + 8*m - 6. Is 23 a factor of a(-9)?
False
Let s be (-2)/((-2)/(2 - -2)). Suppose 0 = -s*g + 8*g - 72. Is 213/g + (-1)/(-6) a multiple of 6?
True
Let z(x) = 14*x + 9. Is 29 a factor of z(5)?
False
Let a(o) = -o**3 - 4*o**2 - 2*o - 5 + 0*o + 1 + 11*o**2. Suppose -3*w + 33 = 2*r - 5*r, -w + 5*r = -31. Does 20 divide a(w)?
True
Let w = 11 + 14. Suppose 4*t = -t + w. Is (0 + 34/5)*t a multiple of 17?
True
Let x = 11 - 15. Let j = 8 + x. Suppose 0*u = j*u - 72. Is u a multiple of 9?
True
Let c(j) = -j**2 - 8*j**3 - 4*j - 2*j**2 + 5*j**3 + j. Is c(-2) a multiple of 6?
True
Suppose 2*x - 4*x = -4*g - 190, 5*g - 445 = -5*x. Does 14 divide x?
False
Let n = -70 - -136. Is 11 a factor of n?
True
Let f(w) = -37*w - 10. Does 20 divide f(-3)?
False
Let m = -49 + 193. Is 36 a factor of m?
True
Suppose -t + 3 = 2*t, 4*q = -2*t + 266. Is 22 a factor of q?
True
Suppose 0*l = 2*l - 56. Let x = 40 - l. Is 10 a factor of x?
False
Suppose 3*o - 7 = 26. Let q(s) = -4*s**3 - s**2 + 1. Let m be q(-1). Let u = o - m. Does 7 divide u?
True
Suppose 7*h - 3*h = 512. Suppose -2*r + 5*i + 20 = 0, -6*r + 4*r - i = -8. Suppose 4*u + r*d - 3*d - h = 0, 0 = u + d - 32. Is u a multiple of 16?
True
Let j be (-1*8)/((-3)/(-6)). Suppose 3*o - o + 22 = 0. Let p = o - j. Is p even?
False
Let z(v) = 2*v**3 - 6*v**2 + 4*v + 4. Is 4 a factor of z(3)?
True
Suppose p = -3*r + 65, 30 = 2*p - p - 4*r. Let z = p - 30. Let c = z - 0. Is c a multiple of 10?
True
Let j(g) be the third derivative of g**4/12 - 7*g**3/6 - 6*g**2. Is 4 a factor of j(6)?
False
Suppose 3*x - 2*g = 174, 2*x + 2*g + 2*g = 116. Is 17 a factor of x?
False
Suppose 2*f + 2*f = 24. Suppose -5*r + 74 + f = 0. Is 8 a factor of r?
True
Suppose 0 = -4*d + 5*o + 202, -2*d + 44 = -d + 2*o. Is 12 a factor of d?
True
Let a(r) = r**2 - 11*r + 12. Let h be a(8). Does 8 divide (0 + -12)*16/h?
True
Suppose 3*c + c + 60 = 0. Is 7 a factor of (c/(-9) + 3)*3?
True
Let l be (0/(-2))/((-2)/(-2)). Suppose 3 = -s, l = u - 5*s - 17 - 53. Suppose 5*n + 5*q = u, 2*n - 5*q + q + 2 = 0. Does 2 divide n?
False
Is (-3 - 1 - -2)*-29 a multiple of 29?
True
Suppose 0*r - 48 = 2*r - 3*c, 5*r = -c - 154. Let l be 1/3 - (-501)/9. Let m = l + r. Is m a multiple of 9?
False
Let k = 11 - 5. Suppose 0 = -n + k*n. Suppose 0 = -n*r - 4*r + 4*l + 32, 5*l = -r + 20. Is 5 a factor of r?
True
Let g = -8 - -7. Let q(d) = -68*d + 1. Is 23 a factor of q(g)?
True
Let v be 6/15 - 2/5. Suppose 4*g - 7 = 3*x, v = -2*g + x - 5*x + 20. Suppose -g*h + 80 = -84. Does 24 divide h?
False
Let r = -6 + 1. Let c = 4 - r. Let j = -6 + c. Is 3 a factor of j?
True
Suppose -2*y = -3*y + 2. Let m be -1*(-2)/2*3. Suppose -4*f = 2*b - 26, y*b - m*b - 23 = -4*f. Is f a multiple of 6?
True
Let v(a) = -a**3 - 7*a**2 - 5*a + 4. Let y be v(-7). Suppose 2*z = -f + y, 3*z + 72 = 5*f - 2*f. Does 17 divide f?
False
Suppose 8*i = -27 + 603. Is i a multiple of 12?
True
Let d(s) = s**3 - 7*s**2 - 4. Let g be d(7). Let f be ((-10)/(-4))/(g/8). Is 4 a factor of (-2)/(-10) + (-19)/f?
True
Let b(q) = 20*q - 26. Does 9 divide b(4)?
True
Is 15 a factor of ((-40)/6)/(20/(-90))?
True
Let u = -6 - -10. Suppose -2 = 2*f, 3*q - 5*f + 52 = u*q. Let m = q - 25. Is m a multiple of 13?
False
Let s = 688 - 401. Suppose -140 = -3*r - 4*z, -s = -5*r - 3*z - 72. Does 15 divide r?
False
Suppose -u + 6*u = 460. Suppose 4*q + 0*q = u. Is 5 a factor of q?
False
Suppose 3*y = 2 + 7. Suppose y*n = 340 - 124. Suppose 0 = -5*i + i + n. Is 6 a factor of i?
True
Let i = -121 + 144. Is 6 a factor of i?
False
Let r(k) = 2*k**2 + 5*k + 6. Let n be r(-6). Suppose 0 = -i - 12 + n. Is 9 a factor of i?
True
Let l = 34 + -16. Does 11 divide l?
False
Let m(f) = -f - 2. Let d be m(-6). Suppose -d*w + 27 = -37. Suppose 0 = -g - y + w, 5*g = 3*y + 44 - 4. Does 11 divide g?
True
Suppose 113 - 33 = t - 5*r, 5*t + 5*r = 370. Does 25 divide t?
True
Let y(j) = -84*j**3 + j**2 - j - 2. Is 3 a factor of y(-1)?
True
Suppose 4*l = 14 - 2. Suppose l*m - 4*m = -4*j + 175, -m = 3. Is 18 a factor of j?
False
Let q = 11 + -11. Suppose d - 3*d + 54 = q. Is d a multiple of 11?
False
Suppose m - 5*q + 326 = 5*m, 0 = 4*m - 3*q - 342. Suppose j = 3*j + m. Let w = -24 - j. Is w a multiple of 9?
True
Let j(v) = 28*v + 10. Is j(1) a multiple of 19?
True
Suppose -i = -4 - 1, -6 = -3*k + 3*i. Is k a multiple of 3?
False
Suppose 0 = 3*p + 2 - 5. Let y(a) = a**3 + 8*a**2 + 7*a + 3. Let f be y(-7). Is f/((-13)/16 + p) a multiple of 8?
True
Suppose y - 15 = 3*j + 5, -j - 142 = -5*y. Let q = y + 17. Suppose -l + 27 = -5*s, 2*s - 40 = -4*l + q. Is 8 a factor of l?
False
Let p(o) = -2*o**3 + 0*o - 2*o**2 + 3*o + 2 + o**3. Let l be p(-3). Suppose -r = l*r - 54. Is r a multiple of 9?
True
Let c(p) = p**2 - 9*p + 11. Let t be c(8). Suppose 3*j + 27 = -t*k, -5*j = -j + 3*k + 33. Let g(h) = h + 11. Does 5 divide g(j)?
True
Suppose w = 5*w - 152. Is 3 a factor of w?
False
Suppose 0 = -6*s + 64 + 188. Is s a multiple of 7?
True
Suppose 5*c = -0*c + 100. Does 3 divide c?
False
Does 8 divide -3*4/18*-24?
True
Let h(w) = 18*w - 1. Let q be h(6). Let n = 206 - q. Is 33 a factor of n?
True
Let f = 134 + -13. Is f a multiple of 21?
False
Let j(a) = 35*a - 1. Is 7 a factor of j(1)?
False
Suppose -5*c + 479 = 4*b, 206 = 2*